{"id":3967,"date":"2024-06-07T21:12:52","date_gmt":"2024-06-07T21:12:52","guid":{"rendered":"https:\/\/bullseyetremblant.com\/?page_id=3967"},"modified":"2024-06-07T21:26:56","modified_gmt":"2024-06-07T21:26:56","slug":"elementor-3967","status":"publish","type":"page","link":"https:\/\/bullseyetremblant.com\/index.php\/fr\/elementor-3967\/","title":{"rendered":"Elementor #3967"},"content":{"rendered":"\t\t<div data-elementor-type=\"wp-page\" data-elementor-id=\"3967\" class=\"elementor elementor-3967\" data-elementor-post-type=\"page\">\n\t\t\t\t<div class=\"elementor-element elementor-element-515b0f14 e-flex e-con-boxed e-con e-parent\" data-id=\"515b0f14\" data-element_type=\"container\" data-settings=\"{&quot;background_background&quot;:&quot;classic&quot;}\">\n\t\t\t\t\t<div class=\"e-con-inner\">\n\t\t\t\t<div class=\"elementor-element elementor-element-772f8002 elementor-widget elementor-widget-heading\" data-id=\"772f8002\" data-element_type=\"widget\" data-widget_type=\"heading.default\">\n\t\t\t\t<div class=\"elementor-widget-container\">\n\t\t\t<style>\/*! elementor - v3.21.0 - 26-05-2024 *\/\n.elementor-heading-title{padding:0;margin:0;line-height:1}.elementor-widget-heading .elementor-heading-title[class*=elementor-size-]>a{color:inherit;font-size:inherit;line-height:inherit}.elementor-widget-heading .elementor-heading-title.elementor-size-small{font-size:15px}.elementor-widget-heading .elementor-heading-title.elementor-size-medium{font-size:19px}.elementor-widget-heading .elementor-heading-title.elementor-size-large{font-size:29px}.elementor-widget-heading .elementor-heading-title.elementor-size-xl{font-size:39px}.elementor-widget-heading .elementor-heading-title.elementor-size-xxl{font-size:59px}<\/style><h2 class=\"elementor-heading-title elementor-size-default\">carte des boissons<\/h2>\t\t<\/div>\n\t\t\t\t<\/div>\n\t\t\t\t<div class=\"elementor-element elementor-element-2f2f8db1 elementor-widget elementor-widget-text-editor\" data-id=\"2f2f8db1\" data-element_type=\"widget\" data-widget_type=\"text-editor.default\">\n\t\t\t\t<div class=\"elementor-widget-container\">\n\t\t\t<style>\/*! elementor - v3.21.0 - 26-05-2024 *\/\n.elementor-widget-text-editor.elementor-drop-cap-view-stacked .elementor-drop-cap{background-color:#69727d;color:#fff}.elementor-widget-text-editor.elementor-drop-cap-view-framed .elementor-drop-cap{color:#69727d;border:3px solid;background-color:transparent}.elementor-widget-text-editor:not(.elementor-drop-cap-view-default) .elementor-drop-cap{margin-top:8px}.elementor-widget-text-editor:not(.elementor-drop-cap-view-default) .elementor-drop-cap-letter{width:1em;height:1em}.elementor-widget-text-editor .elementor-drop-cap{float:left;text-align:center;line-height:1;font-size:50px}.elementor-widget-text-editor .elementor-drop-cap-letter{display:inline-block}<\/style>\t\t\t\t<p>Mangez, buvez et soyez joyeux, car demain nous faisons la\u00a0<span class=\"hrcAhc\" lang=\"fr\">di\u00e8te<\/span><\/p>\t\t\t\t\t\t<\/div>\n\t\t\t\t<\/div>\n\t\t\t\t\t<\/div>\n\t\t\t\t<\/div>\n\t\t<div class=\"elementor-element elementor-element-dcd1d33 e-flex e-con-boxed e-con e-parent\" data-id=\"dcd1d33\" data-element_type=\"container\">\n\t\t\t\t\t<div class=\"e-con-inner\">\n\t\t<div class=\"elementor-element elementor-element-6e0b7dc e-con-full e-flex e-con e-child\" data-id=\"6e0b7dc\" data-element_type=\"container\">\n\t\t\t\t<div class=\"elementor-element elementor-element-df3b68d elementor-widget elementor-widget-text-editor\" data-id=\"df3b68d\" data-element_type=\"widget\" data-widget_type=\"text-editor.default\">\n\t\t\t\t<div class=\"elementor-widget-container\">\n\t\t\t\t\t\t\t<h2><span style=\"color: #339966;\">BEVERAGES<\/span><\/h2><p>CAF\u00c9 OU TH\u00c9 FILTR\u00c9<\/p><p>TISANE<\/p><p>EAU EVIAN<\/p><p>TH\u00c9 GLAC\u00c9 \/ LIMONADE<\/p><p>JUS<br \/><span style=\"color: var( --e-global-color-text ); font-family: var( --e-global-typography-text-font-family ), Sans-serif; font-size: var( --e-global-typography-text-font-size ); font-style: var( --e-global-typography-text-font-style ); font-weight: var( --e-global-typography-text-font-weight ); letter-spacing: var( --e-global-typography-text-letter-spacing ); text-transform: var( --e-global-typography-text-text-transform ); text-align: var(--text-align); background-color: var( --e-global-color-c696dce );\">Jus d\u2019orange ou de canneberge<\/span><\/p><p>BOISSONS GAZEUSES<\/p><p>Pepsi, Diet Pepsi, Sprite, Orange Soda, Ginger Ale.<\/p>\t\t\t\t\t\t<\/div>\n\t\t\t\t<\/div>\n\t\t\t\t<\/div>\n\t\t<div class=\"elementor-element elementor-element-9ac7645 e-con-full e-flex e-con e-child\" data-id=\"9ac7645\" data-element_type=\"container\">\n\t\t\t\t<div class=\"elementor-element elementor-element-5f80abd elementor-widget elementor-widget-text-editor\" data-id=\"5f80abd\" data-element_type=\"widget\" data-widget_type=\"text-editor.default\">\n\t\t\t\t<div class=\"elementor-widget-container\">\n\t\t\t\t\t\t\t<h2><strong><span style=\"color: #339966;\">MA\u00ceTRE<br \/>EXPRESSO<\/span><\/strong><\/h2><p>ESPRESSO CON PANNA<\/p><p>CAF\u00c9 LATT\u00c9<\/p><p>CAPPUCCINO<\/p><p>MOKACCINO<\/p><p>LE CHOCOLAT CHAUD DE RYAN<br \/><span style=\"color: var( --e-global-color-text ); font-family: var( --e-global-typography-text-font-family ), Sans-serif; font-size: var( --e-global-typography-text-font-size ); font-style: var( --e-global-typography-text-font-style ); font-weight: var( --e-global-typography-text-font-weight ); letter-spacing: var( --e-global-typography-text-letter-spacing ); text-transform: var( --e-global-typography-text-text-transform ); text-align: var(--text-align); background-color: var( --e-global-color-c696dce );\">Chocolat chaud et chantilly<\/span><\/p><p><span style=\"color: var( --e-global-color-text ); font-family: var( --e-global-typography-text-font-family ), Sans-serif; font-size: var( --e-global-typography-text-font-size ); font-style: var( --e-global-typography-text-font-style ); font-weight: var( --e-global-typography-text-font-weight ); letter-spacing: var( --e-global-typography-text-letter-spacing ); text-transform: var( --e-global-typography-text-text-transform ); text-align: var(--text-align); background-color: var( --e-global-color-c696dce );\">CHOCOLAT CHAUD RYAN&rsquo;S (SANS ALCOOL)<br \/><\/span><span style=\"background-color: var( --e-global-color-c696dce ); color: var( --e-global-color-text ); font-family: var( --e-global-typography-text-font-family ), Sans-serif; font-size: var( --e-global-typography-text-font-size ); font-style: var( --e-global-typography-text-font-style ); font-weight: var( --e-global-typography-text-font-weight ); letter-spacing: var( --e-global-typography-text-letter-spacing ); text-align: var(--text-align); text-transform: var( --e-global-typography-text-text-transform );\">Tia Maria, Bailey&rsquo;s, Amaretto, Frangelico<\/span><\/p>\t\t\t\t\t\t<\/div>\n\t\t\t\t<\/div>\n\t\t\t\t<\/div>\n\t\t\t\t\t<\/div>\n\t\t\t\t<\/div>\n\t\t<div class=\"elementor-element elementor-element-8a5a997 e-flex e-con-boxed e-con e-parent\" data-id=\"8a5a997\" data-element_type=\"container\" data-settings=\"{&quot;background_background&quot;:&quot;classic&quot;}\">\n\t\t\t\t\t<div class=\"e-con-inner\">\n\t\t\t\t\t<\/div>\n\t\t\t\t<\/div>\n\t\t<div class=\"elementor-element elementor-element-811278f e-flex e-con-boxed e-con e-parent\" data-id=\"811278f\" data-element_type=\"container\">\n\t\t\t\t\t<div class=\"e-con-inner\">\n\t\t<div class=\"elementor-element elementor-element-877dea0 e-con-full e-flex e-con e-child\" data-id=\"877dea0\" data-element_type=\"container\">\n\t\t\t\t<div class=\"elementor-element elementor-element-26ff0a4 elementor-widget elementor-widget-text-editor\" data-id=\"26ff0a4\" data-element_type=\"widget\" data-widget_type=\"text-editor.default\">\n\t\t\t\t<div class=\"elementor-widget-container\">\n\t\t\t\t\t\t\t<h2><span style=\"color: #339966; text-transform: uppercase;\"><strong>bi\u00e8re en f\u00fbt<\/strong><\/span><\/h2><p><strong>BELGIUM MOON<\/strong><br \/><strong>MOLSON EXPORT<\/strong><br \/><strong>RICKARD\u2019S RED<\/strong><br \/><strong>COOR\u2019S LIGHT<\/strong><br \/><strong>INFAMOUS IPA<\/strong><br \/><strong>HEINEKEN<\/strong><br \/><strong>GUINNESS<\/strong><br \/><strong>KILKENNY<\/strong><br \/><strong>SMITHWICK\u2019S<\/strong><br \/><strong>HARP<\/strong><br \/><strong>BLACK &amp; TAN<\/strong><\/p>\t\t\t\t\t\t<\/div>\n\t\t\t\t<\/div>\n\t\t\t\t<\/div>\n\t\t<div class=\"elementor-element elementor-element-cebaded e-con-full e-flex e-con e-child\" data-id=\"cebaded\" data-element_type=\"container\">\n\t\t\t\t<div class=\"elementor-element elementor-element-78f72d2 elementor-widget elementor-widget-text-editor\" data-id=\"78f72d2\" data-element_type=\"widget\" data-widget_type=\"text-editor.default\">\n\t\t\t\t<div class=\"elementor-widget-container\">\n\t\t\t\t\t\t\t<h2><span style=\"color: #339966; text-transform:uppercase;\"><strong>bi\u00e8re en bouteille<\/strong><\/span><\/h2>\n<p><strong>MOLSON EXPORT<\/strong><br>\n<strong>MOLSON DRY<\/strong><br>\n<strong>MOLSON CANADIAN<\/strong><br>\n<strong>BLACK LABEL<\/strong><br>\n<strong>COORS LIGHT<\/strong><br>\n<strong>RICKARD\u2019S RED<\/strong><br>\n<strong>MOLSON EXEL 0.5%<\/strong><br>\n<strong>IMPORTED BEER <\/strong><br>\n<strong>SOL<\/strong><br>\n<strong>HEINEKEN<\/strong><\/p>\t\t\t\t\t\t<\/div>\n\t\t\t\t<\/div>\n\t\t\t\t<\/div>\n\t\t\t\t\t<\/div>\n\t\t\t\t<\/div>\n\t\t<div class=\"elementor-element elementor-element-836d01f e-flex e-con-boxed e-con e-parent\" data-id=\"836d01f\" data-element_type=\"container\" data-settings=\"{&quot;background_background&quot;:&quot;classic&quot;}\">\n\t\t\t\t\t<div class=\"e-con-inner\">\n\t\t\t\t\t<\/div>\n\t\t\t\t<\/div>\n\t\t<div class=\"elementor-element elementor-element-d2316d2 e-flex e-con-boxed e-con e-parent\" data-id=\"d2316d2\" data-element_type=\"container\">\n\t\t\t\t\t<div class=\"e-con-inner\">\n\t\t<div class=\"elementor-element elementor-element-556edfb e-con-full e-flex e-con e-child\" data-id=\"556edfb\" data-element_type=\"container\">\n\t\t\t\t<div class=\"elementor-element elementor-element-47cb4b8 elementor-widget elementor-widget-text-editor\" data-id=\"47cb4b8\" data-element_type=\"widget\" data-widget_type=\"text-editor.default\">\n\t\t\t\t<div class=\"elementor-widget-container\">\n\t\t\t\t\t\t\t<h2><span style=\"color: #339966;\">COCKTAILS<\/span><\/h2>\n<p><strong>MARGARITA<\/strong><br>Tequila, Grand Marnier<\/p>\n<p><strong>DAIQUIRI<\/strong><br>Rhum, Strawberry<\/p>\n<p><strong>PINA COLADA<\/strong><br>Light rum, dark rum.<\/p>\n<p><strong>COLORADO<\/strong><br>Light rum, dark rum, m\u00e9lange de fruits.<\/p>\t\t\t\t\t\t<\/div>\n\t\t\t\t<\/div>\n\t\t\t\t<\/div>\n\t\t<div class=\"elementor-element elementor-element-c9c56db e-con-full e-flex e-con e-child\" data-id=\"c9c56db\" data-element_type=\"container\">\n\t\t\t\t<div class=\"elementor-element elementor-element-b5c6867 elementor-widget elementor-widget-text-editor\" data-id=\"b5c6867\" data-element_type=\"widget\" data-widget_type=\"text-editor.default\">\n\t\t\t\t<div class=\"elementor-widget-container\">\n\t\t\t\t\t\t\t<h2><span style=\"color: #339966;\"><strong>VIN<\/strong><\/span><\/h2><p><strong>GLASS<\/strong><br \/><strong>1\/2 LITRE<\/strong><br \/><strong>BOTTLE<\/strong><\/p><h2><span style=\"color: #339966;\">VIN MAISON<\/span><\/h2><p><strong>GLASS<\/strong><br \/><strong>1\/2 LITRE<\/strong><br \/><strong>BOTTLE<\/strong><\/p>\t\t\t\t\t\t<\/div>\n\t\t\t\t<\/div>\n\t\t\t\t<\/div>\n\t\t\t\t\t<\/div>\n\t\t\t\t<\/div>\n\t\t\t\t<\/div>\n\t\t","protected":false},"excerpt":{"rendered":"<p>carte des boissons Mangez, buvez et soyez joyeux, car demain nous faisons la\u00a0di\u00e8te BEVERAGES CAF\u00c9 OU TH\u00c9 FILTR\u00c9 TISANE EAU EVIAN TH\u00c9 GLAC\u00c9 \/ LIMONADE JUSJus d\u2019orange ou de canneberge BOISSONS GAZEUSES Pepsi, Diet Pepsi, Sprite, Orange Soda, Ginger Ale. MA\u00ceTREEXPRESSO ESPRESSO CON PANNA CAF\u00c9 LATT\u00c9 CAPPUCCINO MOKACCINO LE CHOCOLAT CHAUD DE RYANChocolat chaud et &hellip; <\/p>\n<p class=\"link-more\"><a href=\"https:\/\/bullseyetremblant.com\/index.php\/fr\/elementor-3967\/\" class=\"more-link\">Continuer la lecture <span class=\"screen-reader-text\"> \u00ab\u00a0Elementor #3967\u00a0\u00bb<\/span><\/a><\/p>\n","protected":false},"author":1,"featured_media":0,"parent":0,"menu_order":0,"comment_status":"closed","ping_status":"closed","template":"elementor_header_footer","meta":{"footnotes":""},"_links":{"self":[{"href":"https:\/\/bullseyetremblant.com\/index.php\/wp-json\/wp\/v2\/pages\/3967"}],"collection":[{"href":"https:\/\/bullseyetremblant.com\/index.php\/wp-json\/wp\/v2\/pages"}],"about":[{"href":"https:\/\/bullseyetremblant.com\/index.php\/wp-json\/wp\/v2\/types\/page"}],"author":[{"embeddable":true,"href":"https:\/\/bullseyetremblant.com\/index.php\/wp-json\/wp\/v2\/users\/1"}],"replies":[{"embeddable":true,"href":"https:\/\/bullseyetremblant.com\/index.php\/wp-json\/wp\/v2\/comments?post=3967"}],"version-history":[{"count":10,"href":"https:\/\/bullseyetremblant.com\/index.php\/wp-json\/wp\/v2\/pages\/3967\/revisions"}],"predecessor-version":[{"id":4007,"href":"https:\/\/bullseyetremblant.com\/index.php\/wp-json\/wp\/v2\/pages\/3967\/revisions\/4007"}],"wp:attachment":[{"href":"https:\/\/bullseyetremblant.com\/index.php\/wp-json\/wp\/v2\/media?parent=3967"}],"curies":[{"name":"wp","href":"https:\/\/api.w.org\/{rel}","templated":true}]}}